3052116 and 217.
217
Calculate the highest common factor of 1632 and 234039.
51
Calculate the highest common divisor of 40 and 7329080.
40
What is the greatest common factor of 1577 and 2242?
19
Calculate the highest common factor of 13 and 3393676.
13
Calculate the highest common divisor of 605 and 208483.
121
Calculate the highest common factor of 664 and 4344.
8
What is the greatest common factor of 280 and 590380?
140
Calculate the highest common factor of 11109 and 399.
21
Calculate the highest common divisor of 269750 and 1040.
130
Calculate the greatest common divisor of 2834433 and 18.
9
Calculate the highest common factor of 369440 and 120.
40
Calculate the highest common factor of 76 and 7714.
38
Calculate the highest common factor of 917 and 133.
7
Calculate the greatest common factor of 68 and 77408.
4
What is the greatest common factor of 6482636 and 1434?
478
What is the greatest common divisor of 12 and 43563?
3
What is the greatest common factor of 259 and 10471?
37
Calculate the greatest common divisor of 21667 and 47000.
47
Calculate the greatest common factor of 71262 and 2568.
642
Calculate the highest common divisor of 517328 and 9114.
434
Calculate the greatest common divisor of 1775 and 43452.
71
Calculate the highest common factor of 3620806 and 98.
98
Calculate the greatest common divisor of 2356 and 1672.
76
What is the greatest common divisor of 2297885 and 185?
185
Calculate the greatest common factor of 28 and 35847.
7
What is the highest common factor of 38415 and 59085?
195
What is the greatest common divisor of 1110381 and 609?
87
Calculate the greatest common divisor of 7485 and 15.
15
Calculate the highest common factor of 1349814 and 36.
6
What is the greatest common divisor of 1248 and 1589718?
78
What is the greatest common divisor of 69104 and 5264?
112
Calculate the highest common factor of 2843225 and 6125.
1225
What is the highest common divisor of 21 and 71871?
3
What is the greatest common factor of 94611 and 915?
183
What is the greatest common divisor of 44 and 15367?
11
What is the greatest common factor of 60 and 369444?
12
Calculate the greatest common factor of 37964 and 20.
4
Calculate the greatest common divisor of 4471 and 3.
1
What is the greatest common factor of 377 and 1300?
13
What is the highest common factor of 427 and 23729?
61
What is the highest common factor of 16 and 206376?
8
Calculate the highest common factor of 1449 and 10332.
63
What is the greatest common factor of 749388 and 9456?
2364
Calculate the greatest common factor of 30066 and 96.
6
Calculate the highest common factor of 11832 and 100776.
408
Calculate the greatest common factor of 7425 and 1925.
275
What is the greatest common divisor of 713 and 64511?
31
Calculate the greatest common divisor of 9 and 19304.
1
What is the greatest common factor of 12246 and 26?
26
What is the highest common divisor of 18155 and 40?
5
What is the greatest common factor of 22841 and 364?
91
What is the highest common factor of 45 and 14379?
3
What is the greatest common factor of 752 and 1316?
188
Calculate the greatest common divisor of 31103 and 494.
19
What is the highest common factor of 790 and 1351374?
158
Calculate the highest common factor of 2166 and 99408.
114
What is the highest common factor of 221 and 102?
17
Calculate the highest common factor of 3048 and 138.
6
Calculate the greatest common factor of 29748 and 570.
6
Calculate the greatest common divisor of 1675534 and 1330.
266
Calculate the greatest common divisor of 10 and 436130.
10
What is the greatest common divisor of 65 and 33696?
13
Calculate the highest common divisor of 186 and 2694.
6
Calculate the greatest common factor of 340 and 78115.
85
What is the highest common factor of 70 and 18090?
10
Calculate the highest common divisor of 1408 and 29524.
44
What is the greatest common divisor of 81 and 32313?
3
Calculate the greatest common factor of 34369 and 1.
1
Calculate the highest common divisor of 98 and 9947.
49
Calculate the highest common factor of 140 and 139405.
35
What is the highest common divisor of 5577 and 1?
1
What is the greatest common factor of 169893 and 9675?
387
Calculate the greatest common factor of 612 and 107784.
36
What is the highest common divisor of 67743 and 52?
13
What is the highest common divisor of 1350 and 19440?
270
Calculate the highest common factor of 260 and 16484.
52
Calculate the greatest common divisor of 2747145 and 30.
15
What is the greatest common factor of 2303 and 893?
47
What is the highest common divisor of 108 and 172233?
27
Calculate the highest common divisor of 25 and 98765.
5
What is the greatest common factor of 895621 and 2422?
173
Calculate the highest common divisor of 2112 and 1600.
64
Calculate the greatest common factor of 569539 and 606.
101
What is the highest common divisor of 48 and 79336?
8
What is the greatest common divisor of 693924 and 99?
33
What is the highest common divisor of 43 and 222353?
43
What is the highest common factor of 13 and 129870?
13
Calculate the greatest common factor of 150 and 231525.
75
Calculate the highest common divisor of 1008 and 22239.
63
What is the highest common factor of 372 and 2104962?
186
What is the highest common divisor of 1612 and 2132?
52
Calculate the highest common factor of 1870 and 5390.
110
Calculate the greatest common divisor of 281744 and 4.
4
Calculate the greatest common factor of 12360 and 31020.
60
Calculate the highest common divisor of 27568 and 62.
2
Calculate the greatest common divisor of 130050 and 234.
18
What is the greatest common divisor of 3135831 and 3?
3
What is the highest common divisor of 2778 and 2073314?
926
What is the highest common factor of 776 and 6540516?
388
What is the highest common divisor of 38 and 20666642?
38
Calculate the highest common divisor of 448183 and 508.
127
Calculate the greatest common divisor of 213594 and 12222.
582
Calculate the highest common factor of 568600 and 500.
100
What is the greatest common factor of 70 and 5894?
14
Calculate the greatest common factor of 9 and 4491.
9
What is the greatest common divisor of 6 and 1038?
6
What is the highest common divisor of 43560 and 310?
10
Calculate the highest common divisor of 71434 and 4675.
187
What is the highest common divisor of 188451 and 9?
9
Calculate the highest common divisor of 16807 and 448.
7
What is the highest common factor of 38474 and 4?
2
What is the greatest common factor of 4360 and 12862?
218
What is the highest common factor of 853 and 3991187?
853
Calculate the greatest common factor of 20 and 3964.
4
Calculate the greatest common factor of 10416 and 7728.
336
Calculate the greatest common factor of 8312 and 8.
8
Calculate the highest common divisor of 294 and 12250.
98
Calculate the highest common factor of 249573 and 690.
69
Calculate the highest common divisor of 1171 and 27.
1
What is the highest common factor of 12 and 618525?
3
What is the highest common factor of 120 and 750?
30
What is the highest common divisor of 47 and 539983?
47
Calculate the greatest common factor of 68424 and 108.
12
What is the highest common divisor of 22 and 24365?
11
Calculate the highest common factor of 2379 and 2.
1
Calculate the greatest common factor of 4230 and 7614.
846
Calculate the greatest common factor of 184 and 143911.
23
Calculate the greatest common divisor of 1818927 and 133.
19
Calculate the highest common factor of 44 and 69157.
11
Calculate the greatest common factor of 65808 and 1304.
8
What is the highest common divisor of 4340 and 12950?
70
Calculate the highest common factor of 5975 and 342487.
239
What is the highest common factor of 836 and 396?
44
What is the greatest common divisor of 441189 and 329?
329
What is the highest common divisor of 345600 and 1560?
120
What is the greatest common factor of 60396 and 84?
84
Calculate the highest common divisor of 16608102 and 21.
21
Calculate the highest common divisor of 1007 and 689.
53
What is the highest common factor of 11729 and 21239?
317
Calculate the highest common divisor of 11988 and 16132.
148
Calculate the highest common divisor of 26 and 2538.
2
What is the highest common divisor of 12012 and 5852?
308
Calculate the highest common divisor of 118680 